
In base 6, what is 144441 - 44500?
55541
In base 10, what is -2707059 - -1?
-2707058
In base 4, what is 31121 + -101012?
-3231
In base 12, what is 7099a63 - -1?
7099a64
In base 8, what is -1154564343 - 3?
-1154564346
In base 4, what is -203000 + -1320?
-210320
In base 13, what is 318748 + 0?
318748
In base 3, what is -21002 - -20112000?
20020221
In base 13, what is -1135 - 82785?
-838ba
In base 2, what is -101001 + 101001111000000011101?
101001110111111110100
In base 15, what is -88753 - 37?
-8878a
In base 13, what is -5633ca - -136?
-563294
In base 5, what is 1432010203334 + 10?
1432010203344
In base 11, what is 113a + 57898?
58a27
In base 11, what is 23378a - -4?
233793
In base 13, what is -462b + -4ab?
-4b09
In base 16, what is -57e - -26?
-558
In base 5, what is 311200141 + 304?
311201000
In base 11, what is 143917 - 163?
143764
In base 9, what is -388 - 1431707?
-1432206
In base 12, what is -2 + 90547?
90545
In base 8, what is 1375 - 2200254?
-2176657
In base 13, what is -129ab20c + 4?
-129ab208
In base 8, what is 205117003 + 4?
205117007
In base 11, what is -4726 + -560?
-5186
In base 15, what is -ae562 + -10a?
-ae66c
In base 3, what is 2 - 22101020021101110?
-22101020021101101
In base 10, what is -65313 + -5?
-65318
In base 15, what is 113cb - -29?
11405
In base 11, what is -4 + -1706a37a7?
-1706a3800
In base 7, what is 466255 + -533?
465422
In base 9, what is -128724135 + -5?
-128724141
In base 16, what is 985 - 204?
781
In base 10, what is 42637113 - 2?
42637111
In base 11, what is 5 + 2417145?
241714a
In base 14, what is 6 + 1b490?
1b496
In base 7, what is -124 + 2621401?
2621244
In base 8, what is -70053524 + -2?
-70053526
In base 2, what is 1010000101100101000100100 - -10?
1010000101100101000100110
In base 8, what is -2 - -1105637474?
1105637472
In base 2, what is -101010100110100000110 + -10?
-101010100110100001000
In base 14, what is 8 + -6b1281?
-6b1277
In base 5, what is 2 - -34141202422?
34141202424
In base 7, what is -1 - -5610333?
5610332
In base 16, what is 5 + 4fc806c?
4fc8071
In base 7, what is 11015144 - 1?
11015143
In base 11, what is 121165a1 - -5?
121165a6
In base 3, what is 10 - -11020111202010?
11020111202020
In base 7, what is -136622 - 6122?
-146044
In base 9, what is 11460 + -4210?
6250
In base 9, what is 2207 + -31858?
-28651
In base 3, what is 12102101010111 - -20?
12102101010201
In base 6, what is 1 + 1502230312?
1502230313
In base 8, what is -11011717 + 0?
-11011717
In base 10, what is 2 - -44488516?
44488518
In base 9, what is -17428808 - 14?
-17428823
In base 15, what is 0 - 300a96?
-300a96
In base 6, what is 234321054 + 30?
234321124
In base 6, what is 4432 - 531532?
-523100
In base 13, what is 58cc241 - -2?
58cc243
In base 14, what is 4b51ad1 - -10?
4b51b01
In base 16, what is -4 + 2ab76?
2ab72
In base 7, what is 66245363 + 11?
66245404
In base 9, what is 84513 + -311?
84202
In base 2, what is 1 - 11000111100001011010101000001?
-11000111100001011010101000000
In base 14, what is 2 + 6734bd5?
6734bd7
In base 12, what is 764aa - -49?
76537
In base 9, what is 44836 + -65?
44761
In base 12, what is -46b71 - 2a7?
-47258
In base 7, what is 6 - 231433154?
-231433145
In base 10, what is -68 + 245556?
245488
In base 13, what is 66 + c85c2?
c8658
In base 16, what is 78b - -f2?
87d
In base 9, what is -13063220 - 6?
-13063226
In base 3, what is -2210020001001112 - 10?
-2210020001001122
In base 14, what is -1d53a - 4?
-1d540
In base 15, what is -211d3b - -13?
-211d28
In base 11, what is -47a + 382459?
381a8a
In base 16, what is 2caa592 + -3?
2caa58f
In base 16, what is -23c + -97d?
-bb9
In base 4, what is -211 + 220231101?
220230230
In base 3, what is 12 - -211120112202?
211120112221
In base 14, what is 204 - 27976?
-27772
In base 9, what is -5 - 36044286?
-36044302
In base 11, what is -3 - a198862?
-a198865
In base 6, what is 4 + -1023050232?
-1023050224
In base 9, what is 130 + 171266?
171406
In base 13, what is -b8 - 42895b?
-428a46
In base 9, what is -114718 - -46?
-114662
In base 3, what is 112002021 - 2202202102?
-2020200011
In base 12, what is -12 + 737b2?
737a0
In base 10, what is -345 + 264?
-81
In base 11, what is 0 - 470154?
-470154
In base 16, what is -5 - -9cf858d?
9cf8588
In base 15, what is d + -8dbc5?
-8dbb7
In base 10, what is -122923 - -50?
-122873
In base 3, what is 12022200102 - 12201?
12022110201
In base 16, what is a3e6e3a + 5?
a3e6e3f
In base 2, what is -11001 - -1101111100100110000101101?
1101111100100110000010100
In base 5, what is -3100 + -3200032?
-3203132
In base 4, what is -12 - -1012011012?
1012011000
In base 6, what is 113435501 - 145?
113435312
In base 8, what is -2324274 + -13?
-2324307
In base 2, what is -100 + -10100011110001010100111011?
-10100011110001010100111111
In base 10, what is 4676 + -11172?
-6496
In base 2, what is -1010110000 - 1010000100101110?
-1010001111011110
In base 9, what is 4187871 - 5?
4187865
In base 10, what is 5 - 346985?
-346980
In base 11, what is 7023458 + -55?
7023403
In base 2, what is -1011110010110101111111 + -101?
-1011110010110110000100
In base 12, what is -3627 + -190a?
-5335
In base 10, what is -1 + 36519475?
36519474
In base 9, what is 517822 - -4547?
523470
In base 6, what is 1153 - 25315?
-24122
In base 14, what is -b01d47 - 0?
-b01d47
In base 4, what is 220 + 2022012111?
2022012331
In base 2, what is 110011001001111010111 - 100?
110011001001111010011
In base 2, what is -1110110100010011011 + -10101010000?
-1110110110111101011
In base 7, what is 2 + -105042035?
-105042033
In base 15, what is 2 + 559514?
559516
In base 7, what is -336301 + 10230?
-326041
In base 4, what is 213312112013 + 3?
213312112022
In base 3, what is 1120202200012 + 22110?
1120202222122
In base 10, what is -2 - 72770383?
-72770385
In base 12, what is -95 + -275a5?
-2767a
In base 2, what is 10 - 1001110010001101000010?
-1001110010001101000000
In base 14, what is -a43 - -22d0?
168b
In base 4, what is -312111221023 + -221?
-312111221310
In base 8, what is 165 + -4602643?
-4602456
In base 16, what is -867d151 + -8?
-867d159
In base 11, what is -2aa + 27942a?
279130
In base 10, what is 27 - -1208329?
1208356
In base 14, what is 54ba - -309d?
8579
In base 7, what is 56005300 + 3?
56005303
In base 14, what is a05029 - -8?
a05033
In base 15, what is -521623 + -6?
-521629
In base 8, what is -44230 - -7073?
-35135
In base 4, what is -1213 - -3002021?
3000202
In base 6, what is -22153 + -1531451?
-1554044
In base 15, what is -6ee + -30a1?
-37a0
In base 4, what is -3301131 + 11313030?
2011233
In base 7, what is -12 + -16202256?
-16202301
In base 16, what is 19549b5 + -5?
19549b0
In base 5, what is -1102 + -1034342030?
-1034343132
In base 9, what is -1 + 20527664?
20527663
In base 16, what is -84ba4f1 + 3?
-84ba4ee
In base 6, what is -2555403230 - 4?
-2555403234
In base 11, what is 2 + -2302212?
-2302210
In base 6, what is -150322001 + -1?
-150322002
In base 10, what is -39 - 92539?
-92578
In base 7, what is -23226636033 - -5?
-23226636025
In base 10, what is 4463 - 225?
4238
In base 11, what is -120631a9 + 4?
-120631a5
In base 14, what is -17 - 2ddac0d?
-2ddac26
In base 5, what is -10443213313 + 303?
-10443213010
In base 16, what is 17 + 155b74d?
155b764
In base 3, what is 10012220021 - 112012010?
2200201011
In base 2, what is 101101 + 11000001000100101110?
11000001000101011011
In base 13, what is -7793a28 + -11?
-7793a39
In base 4, what is 3020033223023 + 1?
3020033223030
In base 9, what is -3864 - -231181?
226216
In base 3, what is 22221210022112 + 12?
22221210022201
In base 11, what is -50 + -1a7766?
-1a7806
In base 12, what is 16b45b005 - -5?
16b45b00a
In base 13, what is 7b4 - c93b?
-c157
In base 15, what is c696182 - -1?
c696183
In base 7, what is -146243233 - 1?
-146243234
In base 11, what is -14142 + -899?
-14a30
In base 5, what is 20031 - 1424301?
-1404220
In base 16, what is c65239 + -23?
c65216
In base 8, what is -314402232 - 0?
-314402232
In base 16, what is 7d96 - 63a?
775c
In base 6, what is 20002 - 115333?
-55331
In base 11, what is 1 - 12403479?
-12403478
In base 10, what is 4 + -1841326?
-1841322
In base 9, what is 1188 + -5272?
-4073
In base 12, what is 0 + -66603609?
-66603609
In base 5, what is -2 - 434302403?
-434302410
In base 2, what is 11000101111110101000100 